ivide 29892?
False
Does 106 divide 4167178?
True
Is 20 a factor of 128225?
False
Is 2491767 a multiple of 12?
False
Does 49 divide 4219586?
True
Is 26796 a multiple of 21?
True
Is 349 a factor of 3932183?
True
Is 40774 a multiple of 27?
False
Is 39 a factor of 27471428?
False
Does 12 divide 13770396?
True
Is 391994 a multiple of 38?
False
Does 44 divide 835648?
True
Is 715319 a multiple of 14?
False
Is 14 a factor of 332947?
False
Is 153110 a multiple of 251?
True
Is 678518 a multiple of 2?
True
Does 31 divide 15633951?
True
Is 1294565 a multiple of 14?
False
Is 13 a factor of 4116343?
False
Does 53 divide 235285?
False
Is 24981 a multiple of 6?
False
Does 16 divide 1583882?
False
Does 110 divide 1565806?
False
Is 340472 a multiple of 9?
False
Is 780346 a multiple of 973?
True
Is 57 a factor of 123340?
False
Is 3 a factor of 88954?
False
Does 68 divide 109412?
True
Is 584 a factor of 146000?
True
Is 246 a factor of 381686?
False
Is 107926 a multiple of 8?
False
Does 1424 divide 1439664?
True
Is 691264 a multiple of 14?
True
Is 274 a factor of 679606?
False
Is 355255 a multiple of 34?
False
Is 108 a factor of 267516?
True
Does 63 divide 2270709?
True
Does 7 divide 854111?
False
Does 93 divide 2277384?
True
Is 358870 a multiple of 85?
True
Is 1316621 a multiple of 493?
False
Is 30 a factor of 198920?
False
Does 16 divide 2354670?
False
Does 52 divide 71236?
False
Is 531 a factor of 364797?
True
Is 29 a factor of 6492197?
False
Does 11 divide 3275620?
False
Does 3 divide 6052?
False
Does 67 divide 17219?
True
Is 92 a factor of 1393072?
False
Is 64295 a multiple of 77?
True
Does 23 divide 782782?
True
Is 272 a factor of 12621888?
True
Does 96 divide 66603?
False
Is 473 a factor of 2042887?
True
Is 9223488 a multiple of 1434?
True
Is 8 a factor of 6198505?
False
Is 84 a factor of 54600?
True
Does 17 divide 304064?
False
Is 4 a factor of 44033?
False
Does 211 divide 161615?
False
Does 75 divide 128179?
False
Is 720696 even?
True
Does 13 divide 6162?
True
Is 446075 a multiple of 175?
True
Is 2629072 a multiple of 13?
False
Does 389 divide 5871400?
False
Does 368 divide 13809568?
True
Is 5098464 a multiple of 21?
True
Is 31 a factor of 24002742?
True
Is 303713 a multiple of 624?
False
Does 352 divide 5939648?
True
Is 5 a factor of 2129520?
True
Is 29354 a multiple of 26?
True
Is 3661667 a multiple of 50?
False
Is 271 a factor of 6005360?
True
Is 5976397 a multiple of 217?
True
Is 20 a factor of 203562?
False
Is 4039343 a multiple of 103?
False
Does 32 divide 866848?
True
Does 91 divide 67278?
False
Is 16 a factor of 100992?
True
Does 2 divide 546665?
False
Is 38 a factor of 1087598?
True
Is 30 a factor of 55935?
False
Does 9 divide 1090719?
True
Is 977124 a multiple of 12?
True
Is 292471 a multiple of 365?
False
Does 94 divide 84600?
True
Does 263 divide 102307?
True
Is 401660 a multiple of 275?
False
Is 787608 a multiple of 283?
False
Is 9 a factor of 498195?
True
Does 448 divide 4793600?
True
Does 5 divide 21190?
True
Does 26 divide 319722?
True
Is 240493 even?
False
Does 44 divide 107228?
True
Is 24 a factor of 1082331?
False
Is 933079 a multiple of 17?
True
Is 18253 even?
False
Does 346 divide 283028?
True
Is 13 a factor of 481?
True
Is 15 a factor of 463200?
True
Does 34 divide 947682?
True
Is 494 a factor of 556738?
True
Does 44 divide 53817?
False
Does 1414 divide 4555908?
True
Does 393 divide 2930539?
False
Is 14 a factor of 431139?
False
Does 33 divide 206273?
False
Does 101 divide 13332?
True
Is 1775961 a multiple of 369?
False
Does 20 divide 195543?
False
Does 67 divide 49446?
True
Does 64 divide 240640?
True
Is 32453 a multiple of 17?
True
Is 1037428 a multiple of 49?
True
Is 3 a factor of 182995?
False
Is 402 a multiple of 2?
True
Is 327600 a multiple of 65?
True
Does 27 divide 274725?
True
Does 10 divide 315230?
True
Is 1946169 a multiple of 3?
True
Does 76 divide 779882?
False
Is 18 a factor of 641952?
True
Is 387 a factor of 139819?
False
Does 3 divide 722271?
True
Is 40 a factor of 495800?
True
Does 52 divide 571688?
True
Is 112713 a multiple of 26?
False
Is 2286187 a multiple of 107?
False
Is 16617761 a multiple of 17?
False
Is 1289470 a multiple of 10?
True
Does 75 divide 493125?
True
Does 37 divide 13024?
True
Does 42 divide 27721?
False
Is 246450 a multiple of 150?
True
Is 3 a factor of 274809?
True
Does 24 divide 624671?
False
Is 19 a factor of 422750?
True
Is 9492718 a multiple of 56?
False
Does 39 divide 42685?
False
Is 126 a factor of 189535?
False
Is 41184 a multiple of 34?
False
Does 6 divide 1903800?
True
Is 20 a factor of 12891500?
True
Is 218196 a multiple of 24?
False
Is 738166 a multiple of 23?
False
Does 9 divide 19178523?
True
Is 95 a factor of 103835?
True
Is 626112 a multiple of 72?
True
Is 380 a factor of 14361340?
True
Does 133 divide 51954?
False
Is 125 a factor of 358282?
False
Is 107532 a multiple of 58?
True
Does 181 divide 1666446?
False
Is 586499 a multiple of 33?
False
Is 211 a factor of 1679982?
True
Is 24 a factor of 185904?
True
Is 27452 a multiple of 655?
False
Does 923 divide 6844968?
True
Does 16 divide 176800?
True
Is 399 a factor of 461374?
False
Is 27 a factor of 1425249?
True
Is 143 a factor of 26231?
False
Is 26044 a multiple of 83?
False
Does 1314 divide 4748119?
False
Is 619392 a multiple of 96?
True
Is 136793 a multiple of 35?
False
Is 17 a factor of 3846352?
True
Does 158 divide 312872?
False
Is 264768 a multiple of 56?
True
Does 861 divide 8810613?
True
Does 27 divide 59535?
True
Is 140080 a multiple of 11?
False
Is 155733 a multiple of 22?
False
Does 346 divide 867191?
False
Does 57 divide 747897?
True
Does 54 divide 5964084?
True
Is 21 a factor of 129923?
False
Does 9 divide 2303185?
False
Is 166 a factor of 245514?
True
Is 483 a factor of 663159?
True
Is 1035 a factor of 3867795?
True
Is 361629 a multiple of 25?
False
Is 7190 a multiple of 2?
True
Is 62484 a multiple of 254?
True
Is 201 a factor of 348132?
True
Is 1606561 a multiple of 187?
False
Is 54402 a multiple of 109?
False
Is 161438 a multiple of 30?
False
Does 35 divide 195580?
True
Is 7 a factor of 249992?
False
Is 267396 a multiple of 431?
False
Is 5660403 a multiple of 21?
True
Is 12 a factor of 3258324?
True
Does 54 divide 254502?
True
Is 44770 a multiple of 22?
True
Is 3 a factor of 937047?
True
Does 417 divide 1941223?
False
Is 297633 a multiple of 31?
False
Is 36 a factor of 1185621?
False
Does 6 divide 3892451?
False
Is 98 a factor of 8143?
False
Does 343 divide 188090?
False
Does 1279 divide 4067428?
False
Is 95 a factor of 3859185?
True
Is 27 a factor of 3457413?
False
Is 1639 a factor of 6808989?
False
Is 12448 a multiple of 8?
True
Is 39 a factor of 30420?
True
Is 513114 a multiple of 57?
True
Is 140 a factor of 818440?
True
Does 337 divide 2774521?
True
Is 87 a factor of 2817060?
True
Is 340740 a multiple of 4?
True
Is 24 a factor of 6812376?
True
Is 37 a factor of 199699?
False
Is 139 a factor of 575460?
True
Is 3 a factor of 66780?
True
Is 734 a factor of 10615975?
False
Is 168182 a multiple of 34?
False
Is 144 a factor of 814032?
True
Is 584 a factor of 6041379?
False
Does 22 divide 228250?
True
Does 33 divide 2705627?
False
Is 3 a factor of 720632?
False
Is 30 a factor of 2461680?
True
Does 103 divide 1129704?
True
Is 265680 a multiple of 615?
True
Does 9 divide 627066?
True
Is 269244 a multiple of 243?
True
Is 53 a factor of 110617?
False
Is 29 a factor of 1762939?
True
Does 11 divide 10043?
True
Is 13 a factor of 1802475?
False
Is 164995 a multiple of 45?
False
Is 12 a factor of 997272?
True
Does 93 divide 67995?
False
Is 51 a factor of 6912387?
True
Is 175614 a multiple of 81?
False
Is 2050994 a multiple of 2?
True
Is 8740230 a multiple of 15?
True
Does 14 divide 110754?
True
Is 3055332 a multiple of 7?
True
Is 1257 a factor of 11208669?
True
Is 222308 a multiple of 373?
True
Is 390 a multiple of 2?
True
Does 348 divide 15019?
False
Does 47 divide 345032?
False
Does 172 divide 192984?
True
Is 33425690 a multiple of 2952?
False
Is 794246 a multiple of 572?
False
Is 972 a factor of 6847708?
False
Is 60 a factor of 112190?
False
Does 148 divide 3379073?
False
Is 598 a factor of 52026?
True
Is 1855401 a multiple of 282?
False
Does 27 divide 38124?
True
Is 554736 a multiple of 91?
True
Does 55 divide 999515?
Tr